ctors of c.
3, 23
Let b(t) = -5*t + 1. Let g be b(3). List the prime factors of ((-7)/g)/((-1)/(-34)).
17
Let p(j) = 11*j + 1. Let t(d) = 43*d + 3. Let k(h) = 26*p(h) - 6*t(h). What are the prime factors of k(3)?
2, 23
Let d = -400 + 624. List the prime factors of d.
2, 7
Let n(v) = -2*v + 4. Let a be n(3). Let b be a/(-8) - 568/(-32). Suppose 0 = -23*y + b*y + 150. What are the prime factors of y?
2, 3, 5
Let m = 83 - 28. Suppose -5*t = -5*a + m, 3*a + 4*t - 3*t - 41 = 0. Suppose -4*n + 3*s = -88, -3*n + a = 2*s - 53. List the prime factors of n.
2, 11
Let r = -441 + 866. List the prime factors of r.
5, 17
Let d = -1128 + 1385. What are the prime factors of d?
257
Let c(v) = 18*v - 19. What are the prime factors of c(6)?
89
Let z(c) = 37*c**2 - 2*c - 4. Let l be z(-2). Suppose 0 = -3*t + 649 - l. List the prime factors of t.
167
Suppose -750 + 3210 = 3*d. What are the prime factors of d?
2, 5, 41
Suppose 2*w = 4*w. Suppose 4*p - 90 = -3*c, 4*p + w*p = 3*c + 78. List the prime factors of (0 + p)/(2/4).
2, 3, 7
Let g be (6/9)/(2/3). List the prime factors of (1 - 2)/(g/(-23)).
23
Suppose 3*x + x - 108 = 0. Let g be 6/x - (-248)/18. Let p = g - -2. What are the prime factors of p?
2
Let f = 1 - -5. Let n be 2 + 0*3/f. Suppose 3*k = 2*y - 5, -40 = -y - n*y - 2*k. List the prime factors of y.
2, 5
Suppose -9115 + 7771 = -2*q. What are the prime factors of q?
2, 3, 7
Let y be 54/12*(-4)/(-6). Let s(b) = 7*b**y + 1 - 13*b**2 + 4*b - 1 - 3 + 9*b**2. What are the prime factors of s(2)?
3, 5
Let g(b) = 5*b**3 + 203*b**2 - 12*b + 37. What are the prime factors of g(-40)?
13, 409
Suppose 3*q - 4686 = -3*k, 5*k = 5*q + 1515 - 9295. List the prime factors of q.
1559
List the prime factors of (4/24*-2084)/((-2)/3).
521
Let g = -3142 - -4875. List the prime factors of g.
1733
Suppose -c + 29 = -5*x, -x = 2*c - 4*x - 23. Let n be 0/((-1)/(c/12)). Suppose -b + 4*b = -2*d, n = -4*b - 16. List the prime factors of d.
2, 3
Let p = 84 + -84. Let d(a) = -a**3 + a + 170. What are the prime factors of d(p)?
2, 5, 17
Let a(v) be the third derivative of 8*v**6/15 - v**4/24 - 9*v**2. What are the prime factors of a(1)?
3, 7
Suppose 0 = -p - 6 + 6. Let v(j) = -4*j + 187. List the prime factors of v(p).
11, 17
Let n(l) = -209*l - 14. List the prime factors of n(-1).
3, 5, 13
Let s(b) = 3*b**2 - 7*b - 4. Suppose 5*o = 6 - 31. Let c be s(o). Suppose 0*v - 2*v = -c. What are the prime factors of v?
53
Let r be (-202)/6 + (-8)/24. Let b = r - -109. List the prime factors of b.
3, 5
List the prime factors of (12843/15 - 6/5) + -3.
2, 3, 71
Let w = 635 - 921. Let h = 408 + w. Suppose 0 = -3*m - 32 + h. What are the prime factors of m?
2, 3, 5
Let p = -3709 + 6888. What are the prime factors of p?
11, 17
What are the prime factors of (-5 + 41)/6 + 324?
2, 3, 5, 11
Suppose 0 = u + 1, -2*a + 0 = 2*u - 398. List the prime factors of a.
2, 5
Let b = -2055 - -3484. What are the prime factors of b?
1429
Let t(o) = -15*o + 104. What are the prime factors of t(-4)?
2, 41
Let s(p) = -3*p + 26. Let i be s(8). Suppose 3*k - 177 = -i*b, b + 3*b - 3*k - 399 = 0. List the prime factors of b.
2, 3
Let y = 1407 - 699. Suppose -3*f + y = -309. List the prime factors of f.
3, 113
Suppose 0 = 2*h - 2, 35*n - 30*n - 3735 = -5*h. What are the prime factors of n?
2, 373
Let u = 489 + -136. List the prime factors of u.
353
Suppose w + 88*u - 83*u = 934, 2 = u. List the prime factors of w.
2, 3, 7, 11
Let u(d) = d**3 - 11*d**2 - 2*d + 2802. What are the prime factors of u(0)?
2, 3, 467
Let o(i) = i**3 + 5 - i**2 - 130*i + 130*i. Let q be o(0). Let d(a) = -a**3 + 6*a**2 + a + 3. What are the prime factors of d(q)?
3, 11
Let a be 2/((-16)/20)*-2. Suppose -444 = -a*n + 2*k - 114, -n = -4*k - 48. Suppose -z - z = -n. List the prime factors of z.
2, 17
Suppose 0 = c + 402 - 130. Let h(n) = -11*n + 2. Let x be h(-2). What are the prime factors of (c/x)/(1/(-3))?
2, 17
List the prime factors of 1/(-8 + (-14834)/(-1854)).
3, 103
Suppose 2*j - 1917 - 1258 = x, 5*x = j - 1583. What are the prime factors of j?
2, 397
What are the prime factors of (-8 - -91) + -2 + -3?
2, 3, 13
Let s = -2 - -41. Let z be 123/39 - 6/s. Suppose z*t + 27 = 6*t. List the prime factors of t.
3
Let y(v) = -v - 5. Let b be y(-7). Suppose -l = 2*x - 3*x, -3*l = b*x + 5. What are the prime factors of 3/l - (-42)/1?
3, 13
Let w = -1512 + 2160. What are the prime factors of w?
2, 3
What are the prime factors of 5285/(-14)*13/((-260)/232)?
29, 151
Let b(o) be the first derivative of 4*o**3/3 + 7*o**2/2 - 19*o - 21. List the prime factors of b(-10).
311
Let f = 3865 - 2008. List the prime factors of f.
3, 619
Let x = -9 - -159. Let l = x + -28. What are the prime factors of l?
2, 61
Suppose m - 5*x = 16, -4*m + 5 = -x - 2. Suppose 145 = 4*i + m. List the prime factors of i.
2, 3
Suppose 0 = -w + 4. Let z = 227 - 225. Suppose 2*c + 176 = 7*c - w*u, 3*c - z*u = 104. What are the prime factors of c?
2
Suppose 0 = -5*c - 5*i + 90, 0*c = 4*c - 2*i - 90. Let q be (-82)/6 + 8/12. Let a = c - q. What are the prime factors of a?
2, 17
Let c be (9/(-5))/(1/(-5) - 0). Suppose 0 = 2*z + 6. List the prime factors of 9 - z*6/c.
11
Suppose 2*a = -a + 24. Suppose 4*z + 0*h - 3*h + 12 = 0, 2*h = 2*z + a. Suppose z = -0*d + 4*d - 44. List the prime factors of d.
11
Let h be 3/2 - (-2)/4. Suppose 334 = -0*c + h*c. List the prime factors of c.
167
Let r = 16 + -12. Let i be -2*(-46)/r - 2. Suppose -3*t + i = u - 4*t, -3*u = 4*t - 63. List the prime factors of u.
3, 7
Suppose 0 = -3*l, -5*l - 105 - 20 = -5*d. Suppose 13 - d = -3*k. Suppose 2*g - k*n - 54 = 0, 3*g - 19 = -5*n + 18. List the prime factors of g.
19
Suppose -z + 0 + 3 = 0. Suppose 8*b = 3*b + 2*t + 89, z*b - 3*t - 48 = 0. List the prime factors of b.
19
Suppose -5*p + 1495 = m, p - 5*p - 5*m + 1196 = 0. Let j = p - 197. What are the prime factors of j?
2, 3, 17
Let b = -67 - -73. Let y(t) = 11*t + 24. List the prime factors of y(b).
2, 3, 5
Let g(x) = x**3 - 13*x**2 + 12*x + 7. Let o be g(12). Let f(a) = -6*a - o - 5 + a**3 + 5 - 4*a**2. What are the prime factors of f(6)?
29
Suppose 5*v = -a + 931 - 174, 775 = 5*v - 5*a. What are the prime factors of v?
2, 19
What are the prime factors of (1324 - 10)*(-1 - 12/(-8))?
3, 73
What are the prime factors of (-19)/(-38)*(1858 - -4)?
7, 19
Let j(c) = -3*c**2 - 4*c + 1. Let h be j(5). Let b = 309 + -173. Let r = h + b. What are the prime factors of r?
2, 3, 7
Let i = -76 + 75. List the prime factors of (i - 2 - -49)*4/2.
2, 23
Let u(c) = 3*c**3 - 5*c**2 + 10. Let h = -17 - -21. Let s(a) = -a**3 - a**2 - 1. Let y(t) = h*s(t) + u(t). List the prime factors of y(-9).
2, 3
Suppose 0 = -38*u + 33475 + 7565. List the prime factors of u.
2, 3, 5
Suppose 0 = -4*y + 6 - 2. Let k be y/2 + 594/(-12). Let v = 104 + k. List the prime factors of v.
5, 11
Let k(b) = -22*b**3 - 5*b**2 - b - 3. List the prime factors of k(-3).
3, 61
Let x(n) = n**3 - 7*n**2 + 5*n + 9. Let t be x(7). Suppose 5*q - t = -3*s, 2*q = -2*q - 8. Suppose -d + s = d. List the prime factors of d.
3
Suppose 5*w - 5 - 25 = 0. Suppose 0 = 3*r - w*r. Suppose -3*n - 12 + 87 = r. List the prime factors of n.
5
Let n be 3/(7/((-588)/9)). Let h = 81 + n. What are the prime factors of h?
53
Let d be (-6)/(((-2)/30)/((-14)/(-12))). Suppose -3*y - 3*s = s - 105, -3*y + 4*s + d = 0. List the prime factors of y.
5, 7
Suppose -p = -0*p - 2. Let c(l) = 4*l + 5*l**3 + 4*l**2 + 2 - 3*l**3 - 6*l**p - 3*l. What are the prime factors of c(3)?
41
Suppose 5*n = -10 + 10. List the prime factors of 4 - n - (-130 - -6).
2
Let l be 2/7 + 28017/63. Suppose 0 = -90*w + 95*w - l. List the prime factors of w.
89
Suppose 3*x = 4*o + 11 - 188, 5*o = 4*x + 222. Let p = 38 + -57. Let m = p + o. What are the prime factors of m?
23
Let b be 10 - (-1 + 4 + -5). Suppose -4*h - 3*s = -16, 2*h + 5*s + 1 = -5. Suppose b*a = h*a + 160. List the prime factors of a.
2
Let m(j) = j - 17. Let q(h) = -2*h + 33. Let s(c) = 5*m(c) + 3*q(c). Let d be s(14). List the prime factors of 29 + 6 + -4 + d.
31
Suppose -6*o + 3*o + 15 = 0. Suppose -5*c + 5*r = 0, 4*r = 3*c - 4*c. Suppose 3*i - 140 = u, c*i + 5*u - 240 = -o*i. What are the prime factors of i?
47
Suppose -3*f + 93 = -5*g, 0 = -5*f + 5*g - 2*g + 171. Suppose -3*j + f = -12. What are the prim